{"id":4611,"date":"2026-08-10T16:50:54","date_gmt":"2026-08-10T15:50:54","guid":{"rendered":"https:\/\/restauracionminas.org\/eventos\/webinar-gratuito-tecnicas-de-bioingenieria-para-la-revegetacion-de-minas-y-canteras\/"},"modified":"2026-08-10T16:50:54","modified_gmt":"2026-08-10T15:50:54","slug":"webinar-gratuito-tecnicas-de-bioingenieria-para-la-revegetacion-de-minas-y-canteras","status":"publish","type":"tribe_events","link":"https:\/\/restauracionminas.org\/en\/eventos\/webinar-gratuito-tecnicas-de-bioingenieria-para-la-revegetacion-de-minas-y-canteras\/","title":{"rendered":"WEBINAR GRATUITO: &#8216;T\u00e9cnicas de bioingenier\u00eda para la revegetaci\u00f3n  de minas y canteras\u2019"},"content":{"rendered":"<p>\ud83d\udfe2 \ud835\udddf\ud835\uddee \ud835\uddef\ud835\uddf6\ud835\uddfc\ud835\uddf6\ud835\uddfb\ud835\uddf4\ud835\uddf2\ud835\uddfb\ud835\uddf6\ud835\uddf2\ud835\uddff\ud835\uddf6\u0301\ud835\uddee \ud835\uddf0\ud835\uddfc\ud835\uddfa\ud835\uddfc \ud835\uddf5\ud835\uddf2\ud835\uddff\ud835\uddff\ud835\uddee\ud835\uddfa\ud835\uddf6\ud835\uddf2\ud835\uddfb\ud835\ude01\ud835\uddee \ud835\uddf2\ud835\uddf3\ud835\uddf6\ud835\uddf0\ud835\uddee\ud835\ude07 \ud835\uddf2\ud835\uddfb \ud835\uddf9\ud835\uddee \ud835\uddff\ud835\uddf2\ud835\ude00\ud835\ude01\ud835\uddee\ud835\ude02\ud835\uddff\ud835\uddee\ud835\uddf0\ud835\uddf6\ud835\uddfc\u0301\ud835\uddfb \ud835\uddf1\ud835\uddf2 \ud835\uddfa\ud835\uddf6\ud835\uddfb\ud835\uddee\ud835\ude00 \ud835\ude06 \ud835\uddf0\ud835\uddee\ud835\uddfb\ud835\ude01\ud835\uddf2\ud835\uddff\ud835\uddee\ud835\ude00.<\/p>\n<p>La revegetaci\u00f3n, el control de la erosi\u00f3n, la estabilizaci\u00f3n de taludes o la recuperaci\u00f3n de la funcionalidad ecol\u00f3gica de los terrenos son algunos de los grandes retos de cualquier proyecto de restauraci\u00f3n minera. \ud835\udddf\ud835\uddee \ud835\uddef\ud835\uddf6\ud835\uddfc\ud835\uddf6\ud835\uddfb\ud835\uddf4\ud835\uddf2\ud835\uddfb\ud835\uddf6\ud835\uddf2\ud835\uddff\ud835\uddf6\u0301\ud835\uddee \ud835\uddfc\ud835\uddf3\ud835\uddff\ud835\uddf2\ud835\uddf0\ud835\uddf2 \ud835\ude00\ud835\uddfc\ud835\uddf9\ud835\ude02\ud835\uddf0\ud835\uddf6\ud835\uddfc\ud835\uddfb\ud835\uddf2\ud835\ude00 \ud835\uddf2\ud835\uddf3\ud835\uddf6\ud835\uddf0\ud835\uddee\ud835\uddf0\ud835\uddf2\ud835\ude00 \ud835\ude06 \ud835\uddee\ud835\uddf1\ud835\uddee\ud835\uddfd\ud835\ude01\ud835\uddee\ud835\uddf1\ud835\uddee\ud835\ude00 \ud835\uddee \ud835\uddf0\ud835\uddee\ud835\uddf1\ud835\uddee \ud835\uddf2\ud835\uddfb\ud835\ude01\ud835\uddfc\ud835\uddff\ud835\uddfb\ud835\uddfc para afrontarlos con una visi\u00f3n m\u00e1s sostenible.<\/p>\n<p>Por eso, \ud835\uddf2\ud835\uddf9 \ud835\uddfd\ud835\uddff\ud835\uddfc\u0301\ud835\ude05\ud835\uddf6\ud835\uddfa\ud835\uddfc \ud835\udfed\ud835\udff3 \ud835\uddf1\ud835\uddf2 \ud835\ude00\ud835\uddf2\ud835\uddfd\ud835\ude01\ud835\uddf6\ud835\uddf2\ud835\uddfa\ud835\uddef\ud835\uddff\ud835\uddf2, \ud835\uddf1\ud835\uddf2 \ud835\udfed\ud835\udfec:\ud835\udfec\ud835\udfec \ud835\uddee \ud835\udfed\ud835\udfed:\ud835\udfef\ud835\udfec \ud835\uddf5 (\ud835\uddd6\ud835\uddd8\ud835\udde7), celebraremos un nuevo webinar gratuito en el que abordaremos, desde un enfoque eminentemente pr\u00e1ctico, las principales t\u00e9cnicas de bioingenier\u00eda aplicadas a la restauraci\u00f3n de minas y canteras.<br \/>\nDe la mano de <a id=\"ember599\" class=\"ember-view\" tabindex=\"0\" href=\"https:\/\/www.linkedin.com\/in\/alfonso-fernandez-salor-0b388531\/\">Alfonso Fernandez Salor<\/a>, Responsable T\u00e9cnico de Landscaping en <a class=\"PxjXFJkGjqojrDFoZvGYjppnnRAHFXAIJY \" tabindex=\"0\" href=\"https:\/\/www.linkedin.com\/company\/projar-es\/\" target=\"_self\" data-test-app-aware-link=\"\">Projar<\/a> y especialista en restauraci\u00f3n ambiental y paisaj\u00edstica, conoceremos:<\/p>\n<p>\ud83c\udf31 Principios de la bioingenier\u00eda aplicados a la restauraci\u00f3n minera.<br \/>\n\ud83c\udf31 T\u00e9cnicas de revegetaci\u00f3n y recuperaci\u00f3n de espacios degradados.<br \/>\n\ud83c\udf31 Control de la erosi\u00f3n, estabilizaci\u00f3n de taludes y gesti\u00f3n de escorrent\u00edas.<br \/>\n\ud83c\udf31 Restauraci\u00f3n de suelos y recuperaci\u00f3n de los procesos naturales.<br \/>\n\ud83c\udf31 Biodiversidad, resiliencia ecol\u00f3gica e integraci\u00f3n paisaj\u00edstica.<br \/>\n\ud83c\udf31 Selecci\u00f3n de materiales y soluciones adaptadas a cada proyecto.<br \/>\n\ud83c\udf31 Casos pr\u00e1cticos y recomendaciones aplicables al trabajo diario<br \/>\n.<br \/>\n\ud83d\udcc5 17 de septiembre de 2026<br \/>\n\ud83d\udd59 10:00 \u2013 11:30 h (CET)<br \/>\n\ud83d\udcbbInscripci\u00f3n gratuita<\/p>\n<p>\ud83d\udc49 Inscr\u00edbete aqu\u00ed: <a href=\"https:\/\/docs.google.com\/forms\/d\/e\/1FAIpQLSfAI5Zn6zwXSjg9gTgYHKJkPWu6x99uILpUWw_BDAVM61IJGw\/viewform\">https:\/\/docs.google.com\/forms\/d\/e\/1FAIpQLSfAI5Zn6zwXSjg9gTgYHKJkPWu6x99uILpUWw_BDAVM61IJGw\/viewform<\/a><\/p>\n<p>Te esperamos para seguir compartiendo conocimiento y avanzando, entre todos, hacia una restauraci\u00f3n minera cada vez m\u00e1s eficaz.<\/p>\n","protected":false},"excerpt":{"rendered":"<p>\ud83d\udfe2 \ud835\udddf\ud835\uddee \ud835\uddef\ud835\uddf6\ud835\uddfc\ud835\uddf6\ud835\uddfb\ud835\uddf4\ud835\uddf2\ud835\uddfb\ud835\uddf6\ud835\uddf2\ud835\uddff\ud835\uddf6\u0301\ud835\uddee \ud835\uddf0\ud835\uddfc\ud835\uddfa\ud835\uddfc \ud835\uddf5\ud835\uddf2\ud835\uddff\ud835\uddff\ud835\uddee\ud835\uddfa\ud835\uddf6\ud835\uddf2\ud835\uddfb\ud835\ude01\ud835\uddee \ud835\uddf2\ud835\uddf3\ud835\uddf6\ud835\uddf0\ud835\uddee\ud835\ude07 \ud835\uddf2\ud835\uddfb \ud835\uddf9\ud835\uddee \ud835\uddff\ud835\uddf2\ud835\ude00\ud835\ude01\ud835\uddee\ud835\ude02\ud835\uddff\ud835\uddee\ud835\uddf0\ud835\uddf6\ud835\uddfc\u0301\ud835\uddfb \ud835\uddf1\ud835\uddf2 \ud835\uddfa\ud835\uddf6\ud835\uddfb\ud835\uddee\ud835\ude00 \ud835\ude06 \ud835\uddf0\ud835\uddee\ud835\uddfb\ud835\ude01\ud835\uddf2\ud835\uddff\ud835\uddee\ud835\ude00. La revegetaci\u00f3n, el control de la erosi\u00f3n, la estabilizaci\u00f3n de taludes o&hellip;<\/p>\n","protected":false},"author":2,"featured_media":4613,"template":"","meta":{"_price":"","_stock":"","_tribe_ticket_header":"","_tribe_default_ticket_provider":"","_tribe_ticket_capacity":"0","_ticket_start_date":"","_ticket_end_date":"","_tribe_ticket_show_description":"","_tribe_ticket_show_not_going":false,"_tribe_ticket_use_global_stock":"","_tribe_ticket_global_stock_level":"","_global_stock_mode":"","_global_stock_cap":"","_tribe_rsvp_for_event":"","_tribe_ticket_going_count":"","_tribe_ticket_not_going_count":"","_tribe_tickets_list":"[]","_tribe_ticket_has_attendee_info_fields":false,"_tribe_events_status":"","_tribe_events_status_reason":"","_tribe_events_is_hybrid":"","_tribe_events_is_virtual":"","_tribe_events_virtual_video_source":"","_tribe_events_virtual_embed_video":"","_tribe_events_virtual_linked_button_text":"","_tribe_events_virtual_linked_button":"","_tribe_events_virtual_show_embed_at":"","_tribe_events_virtual_show_embed_to":[],"_tribe_events_virtual_show_on_event":"","_tribe_events_virtual_show_on_views":"","_tribe_events_virtual_url":"","footnotes":"","_tec_slr_enabled":"","_tec_slr_layout":""},"tags":[],"tribe_events_cat":[152],"class_list":["post-4611","tribe_events","type-tribe_events","status-publish","has-post-thumbnail","hentry","tribe_events_cat-webinars-tematico","cat_webinars-tematico"],"ticketed":false,"_links":{"self":[{"href":"https:\/\/restauracionminas.org\/en\/wp-json\/wp\/v2\/tribe_events\/4611","targetHints":{"allow":["GET"]}}],"collection":[{"href":"https:\/\/restauracionminas.org\/en\/wp-json\/wp\/v2\/tribe_events"}],"about":[{"href":"https:\/\/restauracionminas.org\/en\/wp-json\/wp\/v2\/types\/tribe_events"}],"author":[{"embeddable":true,"href":"https:\/\/restauracionminas.org\/en\/wp-json\/wp\/v2\/users\/2"}],"version-history":[{"count":0,"href":"https:\/\/restauracionminas.org\/en\/wp-json\/wp\/v2\/tribe_events\/4611\/revisions"}],"wp:featuredmedia":[{"embeddable":true,"href":"https:\/\/restauracionminas.org\/en\/wp-json\/wp\/v2\/media\/4613"}],"wp:attachment":[{"href":"https:\/\/restauracionminas.org\/en\/wp-json\/wp\/v2\/media?parent=4611"}],"wp:term":[{"taxonomy":"post_tag","embeddable":true,"href":"https:\/\/restauracionminas.org\/en\/wp-json\/wp\/v2\/tags?post=4611"},{"taxonomy":"tribe_events_cat","embeddable":true,"href":"https:\/\/restauracionminas.org\/en\/wp-json\/wp\/v2\/tribe_events_cat?post=4611"}],"curies":[{"name":"wp","href":"https:\/\/api.w.org\/{rel}","templated":true}]}}

WEBINAR GRATUITO: &#8216;Técnicas de bioingeniería para la revegetación  de minas y canteras’

<p>🟢 𝗟𝗮 𝗯𝗶𝗼𝗶𝗻𝗴𝗲𝗻𝗶𝗲𝗿𝗶́𝗮 𝗰𝗼𝗺𝗼 𝗵𝗲𝗿𝗿𝗮𝗺𝗶𝗲𝗻𝘁𝗮 𝗲𝗳𝗶𝗰𝗮𝘇 𝗲𝗻 𝗹𝗮 𝗿𝗲𝘀𝘁𝗮𝘂𝗿𝗮𝗰𝗶𝗼́𝗻 𝗱𝗲 𝗺𝗶𝗻𝗮𝘀 𝘆 𝗰𝗮𝗻𝘁𝗲𝗿𝗮𝘀.</p>
<p>La revegetación, el control de la erosión, la estabilización de taludes o la recuperación de la funcionalidad ecológica de los terrenos son algunos de los grandes retos de cualquier proyecto de restauración minera. 𝗟𝗮 𝗯𝗶𝗼𝗶𝗻𝗴𝗲𝗻𝗶𝗲𝗿𝗶́𝗮 𝗼𝗳𝗿𝗲𝗰𝗲 𝘀𝗼𝗹𝘂𝗰𝗶𝗼𝗻𝗲𝘀 𝗲𝗳𝗶𝗰𝗮𝗰𝗲𝘀 𝘆 𝗮𝗱𝗮𝗽𝘁𝗮𝗱𝗮𝘀 𝗮 𝗰𝗮𝗱𝗮 𝗲𝗻𝘁𝗼𝗿𝗻𝗼 para afrontarlos con una visión más sostenible.</p>
<p>Por eso, 𝗲𝗹 𝗽𝗿𝗼́𝘅𝗶𝗺𝗼 𝟭𝟳 𝗱𝗲 𝘀𝗲𝗽𝘁𝗶𝗲𝗺𝗯𝗿𝗲, 𝗱𝗲 𝟭𝟬:𝟬𝟬 𝗮 𝟭𝟭:𝟯𝟬 𝗵 (𝗖𝗘𝗧), celebraremos un nuevo webinar gratuito en el que abordaremos, desde un enfoque eminentemente práctico, las principales técnicas de bioingeniería aplicadas a la restauración de minas y canteras.<br />
De la mano de <a id="ember599" class="ember-view" tabindex="0" href="https://www.linkedin.com/in/alfonso-fernandez-salor-0b388531/">Alfonso Fernandez Salor</a>, Responsable Técnico de Landscaping en <a class="PxjXFJkGjqojrDFoZvGYjppnnRAHFXAIJY " tabindex="0" href="https://www.linkedin.com/company/projar-es/" target="_self" data-test-app-aware-link="">Projar</a> y especialista en restauración ambiental y paisajística, conoceremos:</p>
<p>🌱 Principios de la bioingeniería aplicados a la restauración minera.<br />
🌱 Técnicas de revegetación y recuperación de espacios degradados.<br />
🌱 Control de la erosión, estabilización de taludes y gestión de escorrentías.<br />
🌱 Restauración de suelos y recuperación de los procesos naturales.<br />
🌱 Biodiversidad, resiliencia ecológica e integración paisajística.<br />
🌱 Selección de materiales y soluciones adaptadas a cada proyecto.<br />
🌱 Casos prácticos y recomendaciones aplicables al trabajo diario<br />
.<br />
📅 17 de septiembre de 2026<br />
🕙 10:00 – 11:30 h (CET)<br />
💻Inscripción gratuita</p>
<p>👉 Inscríbete aquí: <a href="https://docs.google.com/forms/d/e/1FAIpQLSfAI5Zn6zwXSjg9gTgYHKJkPWu6x99uILpUWw_BDAVM61IJGw/viewform">https://docs.google.com/forms/d/e/1FAIpQLSfAI5Zn6zwXSjg9gTgYHKJkPWu6x99uILpUWw_BDAVM61IJGw/viewform</a></p>
<p>Te esperamos para seguir compartiendo conocimiento y avanzando, entre todos, hacia una restauración minera cada vez más eficaz.</p>

<p>🟢 𝗟𝗮 𝗯𝗶𝗼𝗶𝗻𝗴𝗲𝗻𝗶𝗲𝗿𝗶́𝗮 𝗰𝗼𝗺𝗼 𝗵𝗲𝗿𝗿𝗮𝗺𝗶𝗲𝗻𝘁𝗮 𝗲𝗳𝗶𝗰𝗮𝘇 𝗲𝗻 𝗹𝗮 𝗿𝗲𝘀𝘁𝗮𝘂𝗿𝗮𝗰𝗶𝗼́𝗻 𝗱𝗲 𝗺𝗶𝗻𝗮𝘀 𝘆 𝗰𝗮𝗻𝘁𝗲𝗿𝗮𝘀. La revegetación, el control de la erosión, la estabilización de taludes o&hellip;</p>
