{"id":4603,"date":"2026-06-03T11:34:08","date_gmt":"2026-06-03T10:34:08","guid":{"rendered":"https:\/\/restauracionminas.org\/eventos\/jornada-zaragoza-%f0%9d%97%a5%f0%9d%97%b2%f0%9d%98%80%f0%9d%98%81%f0%9d%97%ae%f0%9d%98%82%f0%9d%97%bf%f0%9d%97%ae%f0%9d%97%b0%f0%9d%97%b6%f0%9d%97%bc%f0%9d%97%bb-%f0%9d%98%86\/"},"modified":"2026-06-03T11:34:08","modified_gmt":"2026-06-03T10:34:08","slug":"jornada-zaragoza-%f0%9d%97%a5%f0%9d%97%b2%f0%9d%98%80%f0%9d%98%81%f0%9d%97%ae%f0%9d%98%82%f0%9d%97%bf%f0%9d%97%ae%f0%9d%97%b0%f0%9d%97%b6%f0%9d%97%bc%f0%9d%97%bb-%f0%9d%98%86","status":"publish","type":"tribe_events","link":"https:\/\/restauracionminas.org\/en\/eventos\/jornada-zaragoza-%f0%9d%97%a5%f0%9d%97%b2%f0%9d%98%80%f0%9d%98%81%f0%9d%97%ae%f0%9d%98%82%f0%9d%97%bf%f0%9d%97%ae%f0%9d%97%b0%f0%9d%97%b6%f0%9d%97%bc%f0%9d%97%bb-%f0%9d%98%86\/","title":{"rendered":"Jornada Zaragoza: \u201c\ud835\udde5\ud835\uddf2\ud835\ude00\ud835\ude01\ud835\uddee\ud835\ude02\ud835\uddff\ud835\uddee\ud835\uddf0\ud835\uddf6\ud835\uddfc\u0301\ud835\uddfb \ud835\ude06 \ud835\uddff\ud835\uddf2\ud835\uddf5\ud835\uddee\ud835\uddef\ud835\uddf6\ud835\uddf9\ud835\uddf6\ud835\ude01\ud835\uddee\ud835\uddf0\ud835\uddf6\ud835\uddfc\u0301\ud835\uddfb \ud835\uddfa\ud835\uddf6\ud835\uddfb\ud835\uddf2\ud835\uddff\ud835\uddee: \ud835\ude02\ud835\uddfb\ud835\uddee \ud835\ude03\ud835\uddf6\ud835\ude00\ud835\uddf6\ud835\uddfc\u0301\ud835\uddfb \ud835\uddfa\ud835\ude02\ud835\uddf9\ud835\ude01\ud835\uddf6\ud835\uddf3\ud835\ude02\ud835\uddfb\ud835\uddf0\ud835\uddf6\ud835\uddfc\ud835\uddfb\ud835\uddee\ud835\uddf9\u201d"},"content":{"rendered":"<p>\ud83d\udfe2<a class=\"qdkwLpsWnTOSYxQrAZCxTTPvCksjAjdckbo \" tabindex=\"0\" href=\"https:\/\/www.linkedin.com\/search\/results\/all\/?keywords=%23zaragoza&amp;origin=HASH_TAG_FROM_FEED\" data-test-app-aware-link=\"\">Zaragoza<\/a> acoger\u00e1 el pr\u00f3ximo \ud835\udff5 \ud835\uddf1\ud835\uddf2 \ud835\uddf7\ud835\ude02\ud835\uddfb\ud835\uddf6\ud835\uddfc una jornada clave sobre \ud835\uddff\ud835\uddf2\ud835\ude00\ud835\ude01\ud835\uddee\ud835\ude02\ud835\uddff\ud835\uddee\ud835\uddf0\ud835\uddf6\ud835\uddfc\u0301\ud835\uddfb \ud835\ude06 \ud835\uddff\ud835\uddf2\ud835\uddf5\ud835\uddee\ud835\uddef\ud835\uddf6\ud835\uddf9\ud835\uddf6\ud835\ude01\ud835\uddee\ud835\uddf0\ud835\uddf6\ud835\uddfc\u0301\ud835\uddfb \ud835\uddfa\ud835\uddf6\ud835\uddfb\ud835\uddf2\ud835\uddff\ud835\uddee.<\/p>\n<p>La \ud835\udde6\ud835\uddee\ud835\uddf9\ud835\uddee \ud835\udddd\ud835\uddf2\ud835\uddff\ud835\uddfc\u0301\ud835\uddfb\ud835\uddf6\ud835\uddfa\ud835\uddfc \ud835\udded\ud835\ude02\ud835\uddff\ud835\uddf6\ud835\ude01\ud835\uddee \ud835\uddf1\ud835\uddf2\ud835\uddf9 \ud835\uddd8\ud835\uddf1\ud835\uddf6\ud835\uddf3\ud835\uddf6\ud835\uddf0\ud835\uddf6\ud835\uddfc \ud835\udde3\ud835\uddf6\ud835\uddf4\ud835\uddfb\ud835\uddee\ud835\ude01\ud835\uddf2\ud835\uddf9\ud835\uddf9\ud835\uddf6 reunir\u00e1 a administraci\u00f3n, universidad y profesionales del sector en la jornada \u201c\ud835\udde5\ud835\uddf2\ud835\ude00\ud835\ude01\ud835\uddee\ud835\ude02\ud835\uddff\ud835\uddee\ud835\uddf0\ud835\uddf6\ud835\uddfc\u0301\ud835\uddfb \ud835\ude06 \ud835\uddff\ud835\uddf2\ud835\uddf5\ud835\uddee\ud835\uddef\ud835\uddf6\ud835\uddf9\ud835\uddf6\ud835\ude01\ud835\uddee\ud835\uddf0\ud835\uddf6\ud835\uddfc\u0301\ud835\uddfb \ud835\uddfa\ud835\uddf6\ud835\uddfb\ud835\uddf2\ud835\uddff\ud835\uddee: \ud835\ude02\ud835\uddfb\ud835\uddee \ud835\ude03\ud835\uddf6\ud835\ude00\ud835\uddf6\ud835\uddfc\u0301\ud835\uddfb \ud835\uddfa\ud835\ude02\ud835\uddf9\ud835\ude01\ud835\uddf6\ud835\uddf3\ud835\ude02\ud835\uddfb\ud835\uddf0\ud835\uddf6\ud835\uddfc\ud835\uddfb\ud835\uddee\ud835\uddf9\u201d, organizada por la Red RMC\u00a0junto al <a class=\"qdkwLpsWnTOSYxQrAZCxTTPvCksjAjdckbo \" tabindex=\"0\" href=\"https:\/\/www.linkedin.com\/company\/gobaragon\/\" target=\"_self\" data-test-app-aware-link=\"\">Gobierno de Arag\u00f3n &#8211; Government of Aragon<\/a>, el <a class=\"qdkwLpsWnTOSYxQrAZCxTTPvCksjAjdckbo \" tabindex=\"0\" href=\"https:\/\/www.linkedin.com\/company\/colegio-oficial-de-ingenieros-de-minas-del-nordeste-de-espa%C3%B1a\/\" target=\"_self\" data-test-app-aware-link=\"\">Colegio Oficial de Ingenieros de Minas del Nordeste de Espa\u00f1a<\/a> y el Colegio Oficial de Ingenieros T\u00e9cnicos y Grados en Minas y Energ\u00eda de Arag\u00f3n.<\/p>\n<p>La inauguraci\u00f3n correr\u00e1 a cargo de M\u00aa Yolanda Vall\u00e9s Cases, directora general de Energ\u00eda y Minas del Gobierno de Arag\u00f3n; Pascual Le\u00f3n Marco, decano-presidente del Colegio Oficial de Ingenieros de Minas del Nordeste de Espa\u00f1a; <a id=\"ember3905\" class=\"ember-view\" tabindex=\"0\" href=\"https:\/\/www.linkedin.com\/in\/emilio-querol-monfil-13573b28\/\">Emilio Querol Monfil<\/a>, decano-presidente del Colegio Oficial de Ingenieros T\u00e9cnicos y Grados en Minas y Energ\u00eda de Arag\u00f3n, y <a id=\"ember3906\" class=\"ember-view\" tabindex=\"0\" href=\"https:\/\/www.linkedin.com\/in\/javier-de-la-villa-albares-25934954\/\">Javier De la Villa Albares<\/a> Albares, presidente de la Red de Restauraci\u00f3n de Minas y Canteras.<\/p>\n<p>A continuaci\u00f3n, los ponentes, profesionales referentes del sector y miembros de la Red de Restauraci\u00f3n de Minas y Canteras, compartir\u00e1n experiencias y proyectos reales relacionados con la restauraci\u00f3n ecol\u00f3gica y la recuperaci\u00f3n de espacios mineros.<\/p>\n<p>Entre ellos:<br \/>\n\u25aa\ufe0f <a id=\"ember3907\" class=\"ember-view\" tabindex=\"0\" href=\"https:\/\/www.linkedin.com\/in\/jos%C3%A9-manuel-nicolau-ibarra-97931238\/\">Jos\u00e9 Manuel Nicolau Ibarra<\/a>, profesor de la Universidad de Zaragoza<br \/>\n\u25aa\ufe0f <a id=\"ember3908\" class=\"ember-view\" tabindex=\"0\" href=\"https:\/\/www.linkedin.com\/in\/jacintolopez\/\">Jacinto L\u00f3pez<\/a>, de TECMINA GROUP<br \/>\n\u25aa\ufe0f <a id=\"ember3909\" class=\"ember-view\" tabindex=\"0\" href=\"https:\/\/www.linkedin.com\/in\/pedrosilvarodriguez\/\">Pedro Silva Rodriguez<\/a> y <a id=\"ember3910\" class=\"ember-view\" tabindex=\"0\" href=\"https:\/\/www.linkedin.com\/in\/juan-carlos-uriel-velilla-22240129\/\">Juan Carlos Uriel Velilla<\/a>, de la Direcci\u00f3n General de Energ\u00eda y Minas del Gobierno de Arag\u00f3n<br \/>\n\u25aa\ufe0f <a id=\"ember3911\" class=\"ember-view\" tabindex=\"0\" href=\"https:\/\/www.linkedin.com\/in\/beatrizolmogilabert\/\">Beatriz Olmo<\/a>, directora t\u00e9cnica de la Red RMC<\/p>\n<p>Una jornada que pondr\u00e1 sobre la mesa algunos de los grandes desaf\u00edos del sector: c\u00f3mo \ud835\uddff\ud835\uddf2\ud835\ude00\ud835\ude01\ud835\uddee\ud835\ude02\ud835\uddff\ud835\uddee\ud835\uddff \ud835\uddf0\ud835\uddfc\ud835\uddfb \ud835\ude03\ud835\uddf6\ud835\ude00\ud835\uddf6\ud835\uddfc\u0301\ud835\uddfb \ud835\uddf1\ud835\uddf2 \ud835\uddf3\ud835\ude02\ud835\ude01\ud835\ude02\ud835\uddff\ud835\uddfc, integrar \ud835\uddf0\ud835\uddff\ud835\uddf6\ud835\ude01\ud835\uddf2\ud835\uddff\ud835\uddf6\ud835\uddfc\ud835\ude00 \ud835\uddee\ud835\uddfa\ud835\uddef\ud835\uddf6\ud835\uddf2\ud835\uddfb\ud835\ude01\ud835\uddee\ud835\uddf9\ud835\uddf2\ud835\ude00 \ud835\uddf1\ud835\uddf2\ud835\ude00\ud835\uddf1\ud835\uddf2 \ud835\uddf2\ud835\uddf9 \ud835\uddf1\ud835\uddf6\ud835\ude00\ud835\uddf2\ud835\uddfb\u0303\ud835\uddfc de los proyectos y \ud835\uddf0\ud835\uddfc\ud835\uddfa\ud835\uddfd\ud835\uddee\ud835\uddff\ud835\ude01\ud835\uddf6\ud835\uddff \ud835\uddf0\ud835\uddfc\ud835\uddfb\ud835\uddfc\ud835\uddf0\ud835\uddf6\ud835\uddfa\ud835\uddf6\ud835\uddf2\ud835\uddfb\ud835\ude01\ud835\uddfc \ud835\ude01\ud835\uddf2\u0301\ud835\uddf0\ud835\uddfb\ud835\uddf6\ud835\uddf0\ud835\uddfc aplicado desde experiencias reales.<\/p>\n<p>\ud83d\udccd Zaragoza | Sala Jer\u00f3nimo Zurita \u2013 Edificio Pignatelli<br \/>\n\ud83d\udcc5 9 de junio de 2026<br \/>\n\ud83d\udcdd Inscripciones abiertas: <a href=\"https:\/\/docs.google.com\/forms\/d\/e\/1FAIpQLSfa9dpuyi6O-0ZStzsfC2pjElDgDHTsvG1RCFFpdXUbgQTUEQ\/viewform\">AQU\u00cd<\/a><\/p>\n<p><a href=\"https:\/\/restauracionminas.org\/wp-content\/uploads\/2026\/06\/JORNADA-9-JUNIO-RESTAURACION-MINERA-INSCRIPCIONES-PDF-1.pdf\"> CONSULTAR PROGRAMA<\/a><\/p>\n","protected":false},"excerpt":{"rendered":"<p>\ud83d\udfe2Zaragoza acoger\u00e1 el pr\u00f3ximo \ud835\udff5 \ud835\uddf1\ud835\uddf2 \ud835\uddf7\ud835\ude02\ud835\uddfb\ud835\uddf6\ud835\uddfc una jornada clave sobre \ud835\uddff\ud835\uddf2\ud835\ude00\ud835\ude01\ud835\uddee\ud835\ude02\ud835\uddff\ud835\uddee\ud835\uddf0\ud835\uddf6\ud835\uddfc\u0301\ud835\uddfb \ud835\ude06 \ud835\uddff\ud835\uddf2\ud835\uddf5\ud835\uddee\ud835\uddef\ud835\uddf6\ud835\uddf9\ud835\uddf6\ud835\ude01\ud835\uddee\ud835\uddf0\ud835\uddf6\ud835\uddfc\u0301\ud835\uddfb \ud835\uddfa\ud835\uddf6\ud835\uddfb\ud835\uddf2\ud835\uddff\ud835\uddee. La \ud835\udde6\ud835\uddee\ud835\uddf9\ud835\uddee \ud835\udddd\ud835\uddf2\ud835\uddff\ud835\uddfc\u0301\ud835\uddfb\ud835\uddf6\ud835\uddfa\ud835\uddfc \ud835\udded\ud835\ude02\ud835\uddff\ud835\uddf6\ud835\ude01\ud835\uddee \ud835\uddf1\ud835\uddf2\ud835\uddf9 \ud835\uddd8\ud835\uddf1\ud835\uddf6\ud835\uddf3\ud835\uddf6\ud835\uddf0\ud835\uddf6\ud835\uddfc \ud835\udde3\ud835\uddf6\ud835\uddf4\ud835\uddfb\ud835\uddee\ud835\ude01\ud835\uddf2\ud835\uddf9\ud835\uddf9\ud835\uddf6 reunir\u00e1 a administraci\u00f3n,&hellip;<\/p>\n","protected":false},"author":2,"featured_media":4606,"template":"","meta":{"_price":"","_stock":"","_tribe_ticket_header":"","_tribe_default_ticket_provider":"","_tribe_ticket_capacity":"0","_ticket_start_date":"","_ticket_end_date":"","_tribe_ticket_show_description":"","_tribe_ticket_show_not_going":false,"_tribe_ticket_use_global_stock":"","_tribe_ticket_global_stock_level":"","_global_stock_mode":"","_global_stock_cap":"","_tribe_rsvp_for_event":"","_tribe_ticket_going_count":"","_tribe_ticket_not_going_count":"","_tribe_tickets_list":"[]","_tribe_ticket_has_attendee_info_fields":false,"_tribe_events_status":"","_tribe_events_status_reason":"","_tribe_events_is_hybrid":"","_tribe_events_is_virtual":"","_tribe_events_virtual_video_source":"","_tribe_events_virtual_embed_video":"","_tribe_events_virtual_linked_button_text":"","_tribe_events_virtual_linked_button":"","_tribe_events_virtual_show_embed_at":"","_tribe_events_virtual_show_embed_to":[],"_tribe_events_virtual_show_on_event":"","_tribe_events_virtual_show_on_views":"","_tribe_events_virtual_url":"","footnotes":"","_tec_slr_enabled":"","_tec_slr_layout":""},"tags":[154,161,145,140,169,170,141,142,146,171],"tribe_events_cat":[162],"class_list":["post-4603","tribe_events","type-tribe_events","status-publish","has-post-thumbnail","hentry","tag-cierre-minero","tag-evento","tag-formacion","tag-mineria-responsable","tag-mineria-sostenible","tag-nueva-mineria","tag-red-de-restauracion-de-minas-y-canteras","tag-red-rcm","tag-restauracion-geomorfologica","tag-sostenibilidad","tribe_events_cat-jornadas-tecnicas","cat_jornadas-tecnicas"],"ticketed":false,"_links":{"self":[{"href":"https:\/\/restauracionminas.org\/en\/wp-json\/wp\/v2\/tribe_events\/4603","targetHints":{"allow":["GET"]}}],"collection":[{"href":"https:\/\/restauracionminas.org\/en\/wp-json\/wp\/v2\/tribe_events"}],"about":[{"href":"https:\/\/restauracionminas.org\/en\/wp-json\/wp\/v2\/types\/tribe_events"}],"author":[{"embeddable":true,"href":"https:\/\/restauracionminas.org\/en\/wp-json\/wp\/v2\/users\/2"}],"version-history":[{"count":0,"href":"https:\/\/restauracionminas.org\/en\/wp-json\/wp\/v2\/tribe_events\/4603\/revisions"}],"wp:featuredmedia":[{"embeddable":true,"href":"https:\/\/restauracionminas.org\/en\/wp-json\/wp\/v2\/media\/4606"}],"wp:attachment":[{"href":"https:\/\/restauracionminas.org\/en\/wp-json\/wp\/v2\/media?parent=4603"}],"wp:term":[{"taxonomy":"post_tag","embeddable":true,"href":"https:\/\/restauracionminas.org\/en\/wp-json\/wp\/v2\/tags?post=4603"},{"taxonomy":"tribe_events_cat","embeddable":true,"href":"https:\/\/restauracionminas.org\/en\/wp-json\/wp\/v2\/tribe_events_cat?post=4603"}],"curies":[{"name":"wp","href":"https:\/\/api.w.org\/{rel}","templated":true}]}}

Jornada Zaragoza: “𝗥𝗲𝘀𝘁𝗮𝘂𝗿𝗮𝗰𝗶𝗼́𝗻 𝘆 𝗿𝗲𝗵𝗮𝗯𝗶𝗹𝗶𝘁𝗮𝗰𝗶𝗼́𝗻 𝗺𝗶𝗻𝗲𝗿𝗮: 𝘂𝗻𝗮 𝘃𝗶𝘀𝗶𝗼́𝗻 𝗺𝘂𝗹𝘁𝗶𝗳𝘂𝗻𝗰𝗶𝗼𝗻𝗮𝗹”

<p>🟢<a class="qdkwLpsWnTOSYxQrAZCxTTPvCksjAjdckbo " tabindex="0" href="https://www.linkedin.com/search/results/all/?keywords=%23zaragoza&amp;origin=HASH_TAG_FROM_FEED" data-test-app-aware-link="">Zaragoza</a> acogerá el próximo 𝟵 𝗱𝗲 𝗷𝘂𝗻𝗶𝗼 una jornada clave sobre 𝗿𝗲𝘀𝘁𝗮𝘂𝗿𝗮𝗰𝗶𝗼́𝗻 𝘆 𝗿𝗲𝗵𝗮𝗯𝗶𝗹𝗶𝘁𝗮𝗰𝗶𝗼́𝗻 𝗺𝗶𝗻𝗲𝗿𝗮.</p>
<p>La 𝗦𝗮𝗹𝗮 𝗝𝗲𝗿𝗼́𝗻𝗶𝗺𝗼 𝗭𝘂𝗿𝗶𝘁𝗮 𝗱𝗲𝗹 𝗘𝗱𝗶𝗳𝗶𝗰𝗶𝗼 𝗣𝗶𝗴𝗻𝗮𝘁𝗲𝗹𝗹𝗶 reunirá a administración, universidad y profesionales del sector en la jornada “𝗥𝗲𝘀𝘁𝗮𝘂𝗿𝗮𝗰𝗶𝗼́𝗻 𝘆 𝗿𝗲𝗵𝗮𝗯𝗶𝗹𝗶𝘁𝗮𝗰𝗶𝗼́𝗻 𝗺𝗶𝗻𝗲𝗿𝗮: 𝘂𝗻𝗮 𝘃𝗶𝘀𝗶𝗼́𝗻 𝗺𝘂𝗹𝘁𝗶𝗳𝘂𝗻𝗰𝗶𝗼𝗻𝗮𝗹”, organizada por la Red RMC junto al <a class="qdkwLpsWnTOSYxQrAZCxTTPvCksjAjdckbo " tabindex="0" href="https://www.linkedin.com/company/gobaragon/" target="_self" data-test-app-aware-link="">Gobierno de Aragón &#8211; Government of Aragon</a>, el <a class="qdkwLpsWnTOSYxQrAZCxTTPvCksjAjdckbo " tabindex="0" href="https://www.linkedin.com/company/colegio-oficial-de-ingenieros-de-minas-del-nordeste-de-espa%C3%B1a/" target="_self" data-test-app-aware-link="">Colegio Oficial de Ingenieros de Minas del Nordeste de España</a> y el Colegio Oficial de Ingenieros Técnicos y Grados en Minas y Energía de Aragón.</p>
<p>La inauguración correrá a cargo de Mª Yolanda Vallés Cases, directora general de Energía y Minas del Gobierno de Aragón; Pascual León Marco, decano-presidente del Colegio Oficial de Ingenieros de Minas del Nordeste de España; <a id="ember3905" class="ember-view" tabindex="0" href="https://www.linkedin.com/in/emilio-querol-monfil-13573b28/">Emilio Querol Monfil</a>, decano-presidente del Colegio Oficial de Ingenieros Técnicos y Grados en Minas y Energía de Aragón, y <a id="ember3906" class="ember-view" tabindex="0" href="https://www.linkedin.com/in/javier-de-la-villa-albares-25934954/">Javier De la Villa Albares</a> Albares, presidente de la Red de Restauración de Minas y Canteras.</p>
<p>A continuación, los ponentes, profesionales referentes del sector y miembros de la Red de Restauración de Minas y Canteras, compartirán experiencias y proyectos reales relacionados con la restauración ecológica y la recuperación de espacios mineros.</p>
<p>Entre ellos:<br />
▪️ <a id="ember3907" class="ember-view" tabindex="0" href="https://www.linkedin.com/in/jos%C3%A9-manuel-nicolau-ibarra-97931238/">José Manuel Nicolau Ibarra</a>, profesor de la Universidad de Zaragoza<br />
▪️ <a id="ember3908" class="ember-view" tabindex="0" href="https://www.linkedin.com/in/jacintolopez/">Jacinto López</a>, de TECMINA GROUP<br />
▪️ <a id="ember3909" class="ember-view" tabindex="0" href="https://www.linkedin.com/in/pedrosilvarodriguez/">Pedro Silva Rodriguez</a> y <a id="ember3910" class="ember-view" tabindex="0" href="https://www.linkedin.com/in/juan-carlos-uriel-velilla-22240129/">Juan Carlos Uriel Velilla</a>, de la Dirección General de Energía y Minas del Gobierno de Aragón<br />
▪️ <a id="ember3911" class="ember-view" tabindex="0" href="https://www.linkedin.com/in/beatrizolmogilabert/">Beatriz Olmo</a>, directora técnica de la Red RMC</p>
<p>Una jornada que pondrá sobre la mesa algunos de los grandes desafíos del sector: cómo 𝗿𝗲𝘀𝘁𝗮𝘂𝗿𝗮𝗿 𝗰𝗼𝗻 𝘃𝗶𝘀𝗶𝗼́𝗻 𝗱𝗲 𝗳𝘂𝘁𝘂𝗿𝗼, integrar 𝗰𝗿𝗶𝘁𝗲𝗿𝗶𝗼𝘀 𝗮𝗺𝗯𝗶𝗲𝗻𝘁𝗮𝗹𝗲𝘀 𝗱𝗲𝘀𝗱𝗲 𝗲𝗹 𝗱𝗶𝘀𝗲𝗻̃𝗼 de los proyectos y 𝗰𝗼𝗺𝗽𝗮𝗿𝘁𝗶𝗿 𝗰𝗼𝗻𝗼𝗰𝗶𝗺𝗶𝗲𝗻𝘁𝗼 𝘁𝗲́𝗰𝗻𝗶𝗰𝗼 aplicado desde experiencias reales.</p>
<p>📍 Zaragoza | Sala Jerónimo Zurita – Edificio Pignatelli<br />
📅 9 de junio de 2026<br />
📝 Inscripciones abiertas: <a href="https://docs.google.com/forms/d/e/1FAIpQLSfa9dpuyi6O-0ZStzsfC2pjElDgDHTsvG1RCFFpdXUbgQTUEQ/viewform">AQUÍ</a></p>
<p><a href="https://restauracionminas.org/wp-content/uploads/2026/06/JORNADA-9-JUNIO-RESTAURACION-MINERA-INSCRIPCIONES-PDF-1.pdf"> CONSULTAR PROGRAMA</a></p>

<p>🟢Zaragoza acogerá el próximo 𝟵 𝗱𝗲 𝗷𝘂𝗻𝗶𝗼 una jornada clave sobre 𝗿𝗲𝘀𝘁𝗮𝘂𝗿𝗮𝗰𝗶𝗼́𝗻 𝘆 𝗿𝗲𝗵𝗮𝗯𝗶𝗹𝗶𝘁𝗮𝗰𝗶𝗼́𝗻 𝗺𝗶𝗻𝗲𝗿𝗮. La 𝗦𝗮𝗹𝗮 𝗝𝗲𝗿𝗼́𝗻𝗶𝗺𝗼 𝗭𝘂𝗿𝗶𝘁𝗮 𝗱𝗲𝗹 𝗘𝗱𝗶𝗳𝗶𝗰𝗶𝗼 𝗣𝗶𝗴𝗻𝗮𝘁𝗲𝗹𝗹𝗶 reunirá a administración,&hellip;</p>
