{"id":4374,"date":"2025-08-18T15:54:15","date_gmt":"2025-08-18T14:54:15","guid":{"rendered":"https:\/\/restauracionminas.org\/?post_type=tribe_events&#038;p=4374"},"modified":"2026-04-28T14:03:56","modified_gmt":"2026-04-28T13:03:56","slug":"webinar-gratuito-impulsando-la-biodiversidad-en-la-mineria-la-restauracion-progresiva-como-compromiso-oportunidad-y-ciencia-aplicada","status":"publish","type":"tribe_events","link":"https:\/\/restauracionminas.org\/en\/eventos\/webinar-gratuito-impulsando-la-biodiversidad-en-la-mineria-la-restauracion-progresiva-como-compromiso-oportunidad-y-ciencia-aplicada\/","title":{"rendered":"Webinar gratuito: &#8220;Impulsando la biodiversidad en la miner\u00eda: la restauraci\u00f3n progresiva como compromiso, oportunidad y ciencia aplicada&#8221;"},"content":{"rendered":"<p>La gesti\u00f3n de la biodiversidad y la implementaci\u00f3n de acciones, que permitan ir recuperando las funciones ecol\u00f3gicas del terreno afectado, durante la actividad minera, contribuyen al futuro de la miner\u00eda.<\/p>\n<p>Te invitamos a participar en nuestro pr\u00f3ximo <strong>webinar gratuito<\/strong>, donde hablaremos de metodolog\u00edas aplicadas para reducir los impactos ambientales desde la fase operativa.<\/p>\n<p>\ud83d\udcc5 <strong>Fecha<\/strong>: 18 de septiembre de 2025<br \/>\n\u23f0 <strong>Hora<\/strong>: 10:00 \u2013 11:30 horas<\/p>\n<p>Ponente:<\/p>\n<p>V\u00edctor P\u00e9rez Dom\u00ednguez. Bi\u00f3logo especializado en restauraci\u00f3n ecol\u00f3gica y gesti\u00f3n de la biodiversidad en espacios degradados. Fundaci\u00f3n Tormes-EB.<\/p>\n<p>Temas destacados:<br \/>\n\ud83d\udd39 Restauraci\u00f3n progresiva desde la fase operativa<br \/>\n\ud83d\udd39 Sistemas SIG-BIO y MMH para el dise\u00f1o de h\u00e1bitats funcionales<br \/>\n\ud83d\udd39 Planes de Gesti\u00f3n de la Biodiversidad (PGB)<br \/>\n\ud83d\udd39 Casos reales y herramientas aplicadas: LEPI-MIN y EDAFOS-RM<\/p>\n<p>\ud83d\udd17 <strong>Inscr\u00edbete ahora<\/strong>: <a href=\"https:\/\/forms.gle\/Y7bQEdH1krPGmSm59\" target=\"_new\" rel=\"noopener\">Formulario de inscripci\u00f3n<\/a><\/p>\n<p>\ud83d\udce9 <strong>M\u00e1s informaci\u00f3n<\/strong>: <a href=\"http:\/\/www.restauracionminas.org\" target=\"_new\" rel=\"noopener\">www.restauracionminas.org<\/a><\/p>\n<p>No te pierdas esta oportunidad.<\/p>\n<p>\u00a1Te esperamos!<\/p>\n<p><img fetchpriority=\"high\" decoding=\"async\" class=\"alignnone wp-image-3938 size-full\" src=\"https:\/\/restauracionminas.org\/wp-content\/uploads\/2025\/08\/WEBINAR-7_Biodiversidad_SEPTIEMBRE-2025_page-0001.jpg\" alt=\"\" width=\"1182\" height=\"1772\" srcset=\"https:\/\/restauracionminas.org\/wp-content\/uploads\/2025\/08\/WEBINAR-7_Biodiversidad_SEPTIEMBRE-2025_page-0001.jpg 1182w, https:\/\/restauracionminas.org\/wp-content\/uploads\/2025\/08\/WEBINAR-7_Biodiversidad_SEPTIEMBRE-2025_page-0001-200x300.jpg 200w, https:\/\/restauracionminas.org\/wp-content\/uploads\/2025\/08\/WEBINAR-7_Biodiversidad_SEPTIEMBRE-2025_page-0001-683x1024.jpg 683w, https:\/\/restauracionminas.org\/wp-content\/uploads\/2025\/08\/WEBINAR-7_Biodiversidad_SEPTIEMBRE-2025_page-0001-768x1151.jpg 768w, https:\/\/restauracionminas.org\/wp-content\/uploads\/2025\/08\/WEBINAR-7_Biodiversidad_SEPTIEMBRE-2025_page-0001-1025x1536.jpg 1025w, https:\/\/restauracionminas.org\/wp-content\/uploads\/2025\/08\/WEBINAR-7_Biodiversidad_SEPTIEMBRE-2025_page-0001-624x935.jpg 624w\" sizes=\"(max-width: 1182px) 100vw, 1182px\" \/><\/p>\n","protected":false},"excerpt":{"rendered":"<p>La gesti\u00f3n de la biodiversidad y la implementaci\u00f3n de acciones, que permitan ir recuperando las funciones ecol\u00f3gicas del terreno afectado, durante la actividad minera, contribuyen&hellip;<\/p>\n","protected":false},"author":1,"featured_media":4376,"template":"","meta":{"_price":"","_stock":"","_tribe_ticket_header":"","_tribe_default_ticket_provider":"","_tribe_ticket_capacity":"0","_ticket_start_date":"","_ticket_end_date":"","_tribe_ticket_show_description":"","_tribe_ticket_show_not_going":false,"_tribe_ticket_use_global_stock":"","_tribe_ticket_global_stock_level":"","_global_stock_mode":"","_global_stock_cap":"","_tribe_rsvp_for_event":"","_tribe_ticket_going_count":"","_tribe_ticket_not_going_count":"","_tribe_tickets_list":"[]","_tribe_ticket_has_attendee_info_fields":false,"_tribe_events_status":"","_tribe_events_status_reason":"","_tribe_events_is_hybrid":"","_tribe_events_is_virtual":"","_tribe_events_virtual_video_source":"","_tribe_events_virtual_embed_video":"","_tribe_events_virtual_linked_button_text":"","_tribe_events_virtual_linked_button":"","_tribe_events_virtual_show_embed_at":"","_tribe_events_virtual_show_embed_to":[],"_tribe_events_virtual_show_on_event":"","_tribe_events_virtual_show_on_views":"","_tribe_events_virtual_url":"","footnotes":"","_tec_slr_enabled":"","_tec_slr_layout":""},"tags":[140],"tribe_events_cat":[],"class_list":["post-4374","tribe_events","type-tribe_events","status-publish","has-post-thumbnail","hentry","tag-mineria-responsable"],"ticketed":false,"_links":{"self":[{"href":"https:\/\/restauracionminas.org\/en\/wp-json\/wp\/v2\/tribe_events\/4374","targetHints":{"allow":["GET"]}}],"collection":[{"href":"https:\/\/restauracionminas.org\/en\/wp-json\/wp\/v2\/tribe_events"}],"about":[{"href":"https:\/\/restauracionminas.org\/en\/wp-json\/wp\/v2\/types\/tribe_events"}],"author":[{"embeddable":true,"href":"https:\/\/restauracionminas.org\/en\/wp-json\/wp\/v2\/users\/1"}],"version-history":[{"count":1,"href":"https:\/\/restauracionminas.org\/en\/wp-json\/wp\/v2\/tribe_events\/4374\/revisions"}],"predecessor-version":[{"id":4377,"href":"https:\/\/restauracionminas.org\/en\/wp-json\/wp\/v2\/tribe_events\/4374\/revisions\/4377"}],"wp:featuredmedia":[{"embeddable":true,"href":"https:\/\/restauracionminas.org\/en\/wp-json\/wp\/v2\/media\/4376"}],"wp:attachment":[{"href":"https:\/\/restauracionminas.org\/en\/wp-json\/wp\/v2\/media?parent=4374"}],"wp:term":[{"taxonomy":"post_tag","embeddable":true,"href":"https:\/\/restauracionminas.org\/en\/wp-json\/wp\/v2\/tags?post=4374"},{"taxonomy":"tribe_events_cat","embeddable":true,"href":"https:\/\/restauracionminas.org\/en\/wp-json\/wp\/v2\/tribe_events_cat?post=4374"}],"curies":[{"name":"wp","href":"https:\/\/api.w.org\/{rel}","templated":true}]}}

Webinar gratuito: &#8220;Impulsando la biodiversidad en la minería: la restauración progresiva como compromiso, oportunidad y ciencia aplicada&#8221;

<p>La gestión de la biodiversidad y la implementación de acciones, que permitan ir recuperando las funciones ecológicas del terreno afectado, durante la actividad minera, contribuyen al futuro de la minería.</p>
<p>Te invitamos a participar en nuestro próximo <strong>webinar gratuito</strong>, donde hablaremos de metodologías aplicadas para reducir los impactos ambientales desde la fase operativa.</p>
<p>📅 <strong>Fecha</strong>: 18 de septiembre de 2025<br />
⏰ <strong>Hora</strong>: 10:00 – 11:30 horas</p>
<p>Ponente:</p>
<p>Víctor Pérez Domínguez. Biólogo especializado en restauración ecológica y gestión de la biodiversidad en espacios degradados. Fundación Tormes-EB.</p>
<p>Temas destacados:<br />
🔹 Restauración progresiva desde la fase operativa<br />
🔹 Sistemas SIG-BIO y MMH para el diseño de hábitats funcionales<br />
🔹 Planes de Gestión de la Biodiversidad (PGB)<br />
🔹 Casos reales y herramientas aplicadas: LEPI-MIN y EDAFOS-RM</p>
<p>🔗 <strong>Inscríbete ahora</strong>: <a href="https://forms.gle/Y7bQEdH1krPGmSm59" target="_new" rel="noopener">Formulario de inscripción</a></p>
<p>📩 <strong>Más información</strong>: <a href="http://www.restauracionminas.org" target="_new" rel="noopener">www.restauracionminas.org</a></p>
<p>No te pierdas esta oportunidad.</p>
<p>¡Te esperamos!</p>
<p><img fetchpriority="high" decoding="async" class="alignnone wp-image-3938 size-full" src="https://restauracionminas.org/wp-content/uploads/2025/08/WEBINAR-7_Biodiversidad_SEPTIEMBRE-2025_page-0001.jpg" alt="" width="1182" height="1772" srcset="https://restauracionminas.org/wp-content/uploads/2025/08/WEBINAR-7_Biodiversidad_SEPTIEMBRE-2025_page-0001.jpg 1182w, https://restauracionminas.org/wp-content/uploads/2025/08/WEBINAR-7_Biodiversidad_SEPTIEMBRE-2025_page-0001-200x300.jpg 200w, https://restauracionminas.org/wp-content/uploads/2025/08/WEBINAR-7_Biodiversidad_SEPTIEMBRE-2025_page-0001-683x1024.jpg 683w, https://restauracionminas.org/wp-content/uploads/2025/08/WEBINAR-7_Biodiversidad_SEPTIEMBRE-2025_page-0001-768x1151.jpg 768w, https://restauracionminas.org/wp-content/uploads/2025/08/WEBINAR-7_Biodiversidad_SEPTIEMBRE-2025_page-0001-1025x1536.jpg 1025w, https://restauracionminas.org/wp-content/uploads/2025/08/WEBINAR-7_Biodiversidad_SEPTIEMBRE-2025_page-0001-624x935.jpg 624w" sizes="(max-width: 1182px) 100vw, 1182px" /></p>

<p>La gestión de la biodiversidad y la implementación de acciones, que permitan ir recuperando las funciones ecológicas del terreno afectado, durante la actividad minera, contribuyen&hellip;</p>
