{"id":4370,"date":"2026-03-05T12:26:49","date_gmt":"2026-03-05T11:26:49","guid":{"rendered":"https:\/\/restauracionminas.org\/eventos\/webinar-gratuito-geoturismo-como-herramienta-estrategica-en-territorios-post-mineros-impacto-social-territorial-e-industrial-del-conocimiento-y-la-interpretacion-geologica\/"},"modified":"2026-04-28T13:58:16","modified_gmt":"2026-04-28T12:58:16","slug":"webinar-gratuito-geoturismo-como-herramienta-estrategica-en-territorios-post-mineros-impacto-social-territorial-e-industrial-del-conocimiento-y-la-interpretacion-geologica","status":"publish","type":"tribe_events","link":"https:\/\/restauracionminas.org\/en\/eventos\/webinar-gratuito-geoturismo-como-herramienta-estrategica-en-territorios-post-mineros-impacto-social-territorial-e-industrial-del-conocimiento-y-la-interpretacion-geologica\/","title":{"rendered":"Webinar GRATUITO: \u201cGeoturismo como herramienta estrat\u00e9gica en territorios post-mineros: impacto social, territorial e industrial del conocimiento y la interpretaci\u00f3n geol\u00f3gica\u201d."},"content":{"rendered":"\r\n<p>El pr\u00f3ximo <strong>24 de marzo<\/strong> abrimos nuestro ciclo de webinars con <strong>Jos\u00e9 Luis Barco<\/strong>, ge\u00f3logo, doctor en Paleontolog\u00eda y cofundador de Paleoym\u00e1s.<\/p>\r\n\r\n\r\n\r\n<p>En esta sesi\u00f3n hablaremos de <strong>\u201cGeoturismo como herramienta estrat\u00e9gica en territorios post-mineros: impacto social, territorial e industrial del conocimiento y la interpretaci\u00f3n geol\u00f3gica\u201d<\/strong>.<\/p>\r\n\r\n<p><a href=\"https:\/\/restauracionminas.org\/wp-content\/uploads\/2026\/03\/Webinar-2026-1.pdf\">Webinar 2026<\/a> <img fetchpriority=\"high\" decoding=\"async\" class=\"wp-image-4243 aligncenter\" src=\"https:\/\/restauracionminas.org\/wp-content\/uploads\/2026\/03\/Tecnicas-de-revegetacion-sobre-Restauracion-Morfologica-y-Taludes-1.png\" alt=\"\" width=\"929\" height=\"1394\" srcset=\"https:\/\/restauracionminas.org\/wp-content\/uploads\/2026\/03\/Tecnicas-de-revegetacion-sobre-Restauracion-Morfologica-y-Taludes-1.png 1333w, https:\/\/restauracionminas.org\/wp-content\/uploads\/2026\/03\/Tecnicas-de-revegetacion-sobre-Restauracion-Morfologica-y-Taludes-1-200x300.png 200w, https:\/\/restauracionminas.org\/wp-content\/uploads\/2026\/03\/Tecnicas-de-revegetacion-sobre-Restauracion-Morfologica-y-Taludes-1-683x1024.png 683w, https:\/\/restauracionminas.org\/wp-content\/uploads\/2026\/03\/Tecnicas-de-revegetacion-sobre-Restauracion-Morfologica-y-Taludes-1-768x1152.png 768w, https:\/\/restauracionminas.org\/wp-content\/uploads\/2026\/03\/Tecnicas-de-revegetacion-sobre-Restauracion-Morfologica-y-Taludes-1-1024x1536.png 1024w, https:\/\/restauracionminas.org\/wp-content\/uploads\/2026\/03\/Tecnicas-de-revegetacion-sobre-Restauracion-Morfologica-y-Taludes-1-624x936.png 624w\" sizes=\"(max-width: 929px) 100vw, 929px\" \/><\/p>\r\n\r\n<p>Abordaremos c\u00f3mo el <strong>geoturismo puede convertirse en una oportunidad estrat\u00e9gica para dar valor a territorios post-mineros<\/strong>, generando nuevas din\u00e1micas de desarrollo a partir del patrimonio geol\u00f3gico y del conocimiento cient\u00edfico.<\/p>\r\n\r\n\r\n\r\n<p>Un enfoque que conecta <strong>interpretaci\u00f3n geol\u00f3gica, restauraci\u00f3n minera y desarrollo territorial<\/strong>, acompa\u00f1ado de casos reales y propuestas de colaboraci\u00f3n.<\/p>\r\n\r\n\r\n\r\n<p>\ud83d\udcc5 <strong>24 de marzo<\/strong> \ud83d\udd52 <strong>12:00\u201313:30 h<\/strong><\/p>\r\n\r\n\r\n\r\n<p>\ud83d\udc49 <strong>Inscripci\u00f3n:<\/strong> <a href=\"https:\/\/docs.google.com\/forms\/d\/e\/1FAIpQLSefynrcanGR4hfi1Dk3ZgcY4ZLGOj6jxgR22fjyBlL5BKg4jQ\/viewform\">https:\/\/docs.google.com\/forms\/d\/e\/1FAIpQLSefynrcanGR4hfi1Dk3ZgcY4ZLGOj6jxgR22fjyBlL5BKg4jQ\/viewform<\/a><\/p>\r\n\r\n\r\n\r\n<p>Y si quieres conocer mejor al ponente, puedes leer su reciente entrevista en <em>National Geographic<\/em>: <a href=\"https:\/\/www.nationalgeographic.com.es\/ciencia\/jose-luis-barco-geologo-es-improbable-que-nos-carguemos-planeta-tierra-tiene-4500-millones-anos_27492\">https:\/\/www.nationalgeographic.com.es\/ciencia\/jose-luis-barco-geologo-es-improbable-que-nos-carguemos-planeta-tierra-tiene-4500-millones-anos_27492<\/a><\/p>\r\n\r\n\r\n\r\n<p>Como en cada edici\u00f3n, este encuentro est\u00e1 pensado para ofrecer <strong>herramientas pr\u00e1cticas y actualizadas<\/strong> a administraciones, empresas, consultoras y universidades que trabajan sobre el terreno y buscan soluciones reales.<\/p>\r\n\r\n\r\n\r\n<p>&nbsp;<\/p>\r\n","protected":false},"excerpt":{"rendered":"<p>El pr\u00f3ximo 24 de marzo abrimos nuestro ciclo de webinars con Jos\u00e9 Luis Barco, ge\u00f3logo, doctor en Paleontolog\u00eda y cofundador de Paleoym\u00e1s. En esta sesi\u00f3n&hellip;<\/p>\n","protected":false},"author":2,"featured_media":4372,"template":"","meta":{"_price":"","_stock":"","_tribe_ticket_header":"","_tribe_default_ticket_provider":"","_tribe_ticket_capacity":"0","_ticket_start_date":"","_ticket_end_date":"","_tribe_ticket_show_description":"","_tribe_ticket_show_not_going":false,"_tribe_ticket_use_global_stock":"","_tribe_ticket_global_stock_level":"","_global_stock_mode":"","_global_stock_cap":"","_tribe_rsvp_for_event":"","_tribe_ticket_going_count":"","_tribe_ticket_not_going_count":"","_tribe_tickets_list":"[]","_tribe_ticket_has_attendee_info_fields":false,"_tribe_events_status":"","_tribe_events_status_reason":"","_tribe_events_is_hybrid":"","_tribe_events_is_virtual":"","_tribe_events_virtual_video_source":"","_tribe_events_virtual_embed_video":"","_tribe_events_virtual_linked_button_text":"","_tribe_events_virtual_linked_button":"","_tribe_events_virtual_show_embed_at":"","_tribe_events_virtual_show_embed_to":[],"_tribe_events_virtual_show_on_event":"","_tribe_events_virtual_show_on_views":"","_tribe_events_virtual_url":"","footnotes":"","_tec_slr_enabled":"","_tec_slr_layout":""},"tags":[],"tribe_events_cat":[],"class_list":["post-4370","tribe_events","type-tribe_events","status-publish","has-post-thumbnail","hentry"],"ticketed":false,"_links":{"self":[{"href":"https:\/\/restauracionminas.org\/en\/wp-json\/wp\/v2\/tribe_events\/4370","targetHints":{"allow":["GET"]}}],"collection":[{"href":"https:\/\/restauracionminas.org\/en\/wp-json\/wp\/v2\/tribe_events"}],"about":[{"href":"https:\/\/restauracionminas.org\/en\/wp-json\/wp\/v2\/types\/tribe_events"}],"author":[{"embeddable":true,"href":"https:\/\/restauracionminas.org\/en\/wp-json\/wp\/v2\/users\/2"}],"version-history":[{"count":1,"href":"https:\/\/restauracionminas.org\/en\/wp-json\/wp\/v2\/tribe_events\/4370\/revisions"}],"predecessor-version":[{"id":4373,"href":"https:\/\/restauracionminas.org\/en\/wp-json\/wp\/v2\/tribe_events\/4370\/revisions\/4373"}],"wp:featuredmedia":[{"embeddable":true,"href":"https:\/\/restauracionminas.org\/en\/wp-json\/wp\/v2\/media\/4372"}],"wp:attachment":[{"href":"https:\/\/restauracionminas.org\/en\/wp-json\/wp\/v2\/media?parent=4370"}],"wp:term":[{"taxonomy":"post_tag","embeddable":true,"href":"https:\/\/restauracionminas.org\/en\/wp-json\/wp\/v2\/tags?post=4370"},{"taxonomy":"tribe_events_cat","embeddable":true,"href":"https:\/\/restauracionminas.org\/en\/wp-json\/wp\/v2\/tribe_events_cat?post=4370"}],"curies":[{"name":"wp","href":"https:\/\/api.w.org\/{rel}","templated":true}]}}

Webinar GRATUITO: “Geoturismo como herramienta estratégica en territorios post-mineros: impacto social, territorial e industrial del conocimiento y la interpretación geológica”.

<p>El próximo <strong>24 de marzo</strong> abrimos nuestro ciclo de webinars con <strong>José Luis Barco</strong>, geólogo, doctor en Paleontología y cofundador de Paleoymás.</p>



<p>En esta sesión hablaremos de <strong>“Geoturismo como herramienta estratégica en territorios post-mineros: impacto social, territorial e industrial del conocimiento y la interpretación geológica”</strong>.</p>

<p><a href="https://restauracionminas.org/wp-content/uploads/2026/03/Webinar-2026-1.pdf">Webinar 2026</a> <img fetchpriority="high" decoding="async" class="wp-image-4243 aligncenter" src="https://restauracionminas.org/wp-content/uploads/2026/03/Tecnicas-de-revegetacion-sobre-Restauracion-Morfologica-y-Taludes-1.png" alt="" width="929" height="1394" srcset="https://restauracionminas.org/wp-content/uploads/2026/03/Tecnicas-de-revegetacion-sobre-Restauracion-Morfologica-y-Taludes-1.png 1333w, https://restauracionminas.org/wp-content/uploads/2026/03/Tecnicas-de-revegetacion-sobre-Restauracion-Morfologica-y-Taludes-1-200x300.png 200w, https://restauracionminas.org/wp-content/uploads/2026/03/Tecnicas-de-revegetacion-sobre-Restauracion-Morfologica-y-Taludes-1-683x1024.png 683w, https://restauracionminas.org/wp-content/uploads/2026/03/Tecnicas-de-revegetacion-sobre-Restauracion-Morfologica-y-Taludes-1-768x1152.png 768w, https://restauracionminas.org/wp-content/uploads/2026/03/Tecnicas-de-revegetacion-sobre-Restauracion-Morfologica-y-Taludes-1-1024x1536.png 1024w, https://restauracionminas.org/wp-content/uploads/2026/03/Tecnicas-de-revegetacion-sobre-Restauracion-Morfologica-y-Taludes-1-624x936.png 624w" sizes="(max-width: 929px) 100vw, 929px" /></p>

<p>Abordaremos cómo el <strong>geoturismo puede convertirse en una oportunidad estratégica para dar valor a territorios post-mineros</strong>, generando nuevas dinámicas de desarrollo a partir del patrimonio geológico y del conocimiento científico.</p>



<p>Un enfoque que conecta <strong>interpretación geológica, restauración minera y desarrollo territorial</strong>, acompañado de casos reales y propuestas de colaboración.</p>



<p>📅 <strong>24 de marzo</strong> 🕒 <strong>12:00–13:30 h</strong></p>



<p>👉 <strong>Inscripción:</strong> <a href="https://docs.google.com/forms/d/e/1FAIpQLSefynrcanGR4hfi1Dk3ZgcY4ZLGOj6jxgR22fjyBlL5BKg4jQ/viewform">https://docs.google.com/forms/d/e/1FAIpQLSefynrcanGR4hfi1Dk3ZgcY4ZLGOj6jxgR22fjyBlL5BKg4jQ/viewform</a></p>



<p>Y si quieres conocer mejor al ponente, puedes leer su reciente entrevista en <em>National Geographic</em>: <a href="https://www.nationalgeographic.com.es/ciencia/jose-luis-barco-geologo-es-improbable-que-nos-carguemos-planeta-tierra-tiene-4500-millones-anos_27492">https://www.nationalgeographic.com.es/ciencia/jose-luis-barco-geologo-es-improbable-que-nos-carguemos-planeta-tierra-tiene-4500-millones-anos_27492</a></p>



<p>Como en cada edición, este encuentro está pensado para ofrecer <strong>herramientas prácticas y actualizadas</strong> a administraciones, empresas, consultoras y universidades que trabajan sobre el terreno y buscan soluciones reales.</p>



<p>&nbsp;</p>

<p>El próximo 24 de marzo abrimos nuestro ciclo de webinars con José Luis Barco, geólogo, doctor en Paleontología y cofundador de Paleoymás. En esta sesión&hellip;</p>
